s of u.
2, 229
Suppose -6*g - 39 = -19*g. Let a(t) = 2*t**2 + 12*t - 16. What are the prime factors of a(g)?
2, 19
Let m(u) = -3*u + 48. Let r be m(14). Suppose -r*z + 27 = -9. Suppose -z*l + 392 + 280 = 0. List the prime factors of l.
2, 7
Suppose -2*y = 5*k + 554, -91 - 133 = 2*k + 2*y. What are the prime factors of (-1)/(-5) - 17908/k?
163
Suppose -4*r + 5*r - 4 = 0. Suppose 4*h = -0*c + r*c + 24, -4*h + 5*c + 26 = 0. What are the prime factors of 1*2*h/((-8)/(-139))?
139
Suppose -8*g + 784 = 8*g. Suppose 0 = -43*v + g*v - 1428. List the prime factors of v.
2, 7, 17
Let v(u) = 3*u - 4*u - 3*u**2 - 26*u - 68 + 4*u**2. What are the prime factors of v(-8)?
2, 53
Let p = 917 - 869. Suppose -7*n + 47465 = p*n. What are the prime factors of n?
863
What are the prime factors of (11648/(-20))/(13/(-260))?
2, 7, 13
What are the prime factors of 47010/(-45)*(-729)/18?
3, 1567
Suppose 140*o + 10 = 142*o. Suppose -2*m - 838 = -4*j, o*j + 0*j = 2*m + 1046. What are the prime factors of j?
2, 13
Let d(i) = -i**3 + 34*i**2 - 5*i + 65. List the prime factors of d(-15).
5, 7, 11, 29
Let f be 1/5 - (-2095)/25. Let o be f + (0 + 2/2)/1. Suppose -5*c + 716 = -3*t, -2*t + 816 = 5*c + o. List the prime factors of c.
5, 29
Suppose 5 = -3*n - 5*q, -15*n + 12*n = -4*q - 31. Suppose 5*o - n*h - 3765 = 0, -5*h = o - h - 738. What are the prime factors of o?
2, 3, 5
Suppose -v - 4 = -5. What are the prime factors of (-1 + v/2)/((-73)/38398)?
263
Suppose -4*l + 8 + 8 = 0. What are the prime factors of (-36)/30*(-510)/l?
3, 17
Suppose -5*f + 20*j = 22*j - 1303, 0 = 5*f + 5*j - 1300. Let y = -346 + 175. Let v = f + y. List the prime factors of v.
2, 3, 5
Let u(h) = 777*h**2 - 10*h - 144. List the prime factors of u(8).
2, 7, 13, 17
Let t(d) = -137*d - 10. Let k be t(-3). Let l = 250 + k. What are the prime factors of l?
3, 7, 31
Suppose -15*u + 68 = 8. Suppose 2*m + 0*m - 4*f - 1178 = 0, 1737 = 3*m + u*f. What are the prime factors of m?
11, 53
Let s be (-1)/(5/(-20)*-4). What are the prime factors of (64/(-12))/(s/(279/6))?
2, 31
Let t(d) = -2*d**3 - 13*d**2 - 63*d - 10. List the prime factors of t(-13).
2, 3, 167
Let c(w) = -w**2 + 12*w - 27. Let b be c(12). Let q = -20 - b. Suppose 5*s + 268 = q*s. List the prime factors of s.
2, 67
Suppose -5*j + 5*q + 0*q = -10, j - 6 = -3*q. Suppose 5*l + 5*s = 580, -7*l + j*l - 5*s = -467. List the prime factors of l.
113
Let l(j) = j - 4. Let r be l(8). Let t = 533 + -523. Suppose n + 5*a = t + 20, 88 = 4*n + r*a. What are the prime factors of n?
2, 5
Suppose -3*b - 5*d + 9743 = 0, -5*b = -7*d + 4*d - 16193. List the prime factors of b.
7, 463
Let p = 120999 - 52778. List the prime factors of p.
17, 4013
Let v(j) = -3*j - 4. Let k be v(-20). Let w = k - 38. Suppose -w*l = -20*l + 174. List the prime factors of l.
3, 29
Let u be (-3 - 4) + -1 + 12. Suppose -3*n + 48*c + 3209 = 44*c, 0 = -u*n - 4*c + 4260. What are the prime factors of n?
11, 97
Let w be -5 + (-4 - (-3 - 0)). Let x be (-3689)/42 - (-1)/w. Let l = -15 - x. List the prime factors of l.
73
Let s(p) = 7*p - 75. Let y be s(10). List the prime factors of (-3 - y)*(-875)/(-10).
5, 7
Let g be 1 - -1 - (7 - (-6 - -8)). Let m be (5/g - -2)/(10/330). Suppose -238 + 73 = -m*n. What are the prime factors of n?
3, 5
Let q be ((-6)/8 - (-12)/16) + 2. Suppose 3*u + 145 = 2*m, -q*m - 3 = m. List the prime factors of ((-118)/7)/(7/u).
2, 59
Let f be (-6*(1 + 1))/(2/17). Let j = 161 - f. What are the prime factors of j?
263
Let z(d) = -2857*d + 61. List the prime factors of z(-1).
2, 1459
What are the prime factors of 28/(-8)*(0 + 2) - (-43815 + -6)?
2, 19, 1153
Let z be (568/(-5))/((-20)/100). Suppose -4*g - 15*l = -20*l - 446, 5*g - z = l. List the prime factors of g.
2, 3, 19
Suppose -3*w = 3*z - 1 + 4, 0 = -3*w + 2*z + 12. Suppose -2*c + 6 = w. What are the prime factors of (-1)/c + 2219/14?
2, 79
Suppose -647 = -31*h + 252. Let s(a) = 17*a - 254. List the prime factors of s(h).
239
Let k be (132/(-10) + 0)/((-28)/(-210)). List the prime factors of ((-156)/(-702))/((-1)/k).
2, 11
Suppose 2*r + v = -6, -1 = 3*r - v + 3. What are the prime factors of (-2575)/(-50)*(r + (-12)/(-2))?
2, 103
Let r be 7 + -4 + 1 + -2. Let m be (10/(-2) + 6)/(1/r). Suppose 0 = -p - 2 - 3, -m*j = 2*p - 190. What are the prime factors of j?
2, 5
Let b = 117 - 114. Suppose -m = -f + 136, 0 = -b*f - 3*m + 202 + 200. Suppose 0 = 2*n - f + 9. List the prime factors of n.
3, 7
Let d = -137 - -71. What are the prime factors of (-38236)/d - (6/9)/2?
3, 193
Suppose -452163 - 176557 = -20*j. List the prime factors of j.
2, 29, 271
Let n(r) = -12 - 8*r - r**2 + 0*r**2 - 3. Let v be n(-5). Suppose v = 2*q - 3*f - 65, -5*f - 5 = -30. List the prime factors of q.
2, 5
Let c(a) = 422*a + 148. List the prime factors of c(6).
2, 5, 67
Let p = 0 - -38. Let c = p + -46. What are the prime factors of (282/8)/((-2)/c)?
3, 47
Let r(k) = 5 + 3*k + 2 + 6*k**2 - 5*k**2 - 11*k. Let p be r(7). Suppose -i + 4*s + 68 = p, 4*i = -2*s - 2*s + 192. List the prime factors of i.
2, 13
Let n(z) = z**3 - 29*z**2 - 59*z - 376. What are the prime factors of n(46)?
2, 41, 401
Suppose 33*l = 38*l - u - 134172, 2*l - 5*u = 53701. What are the prime factors of l?
26833
Suppose -44 + 5 = -3*x. Let q be 27/(-6) - 2/(-4) - -26. Suppose -q = -5*o + x. What are the prime factors of o?
7
Let z(t) = 410*t - 176. List the prime factors of z(12).
2, 593
List the prime factors of 3 - -1 - 3/((-9)/1797).
3, 67
Suppose 286275 = 249*j - 238*j. Suppose 16*v + j = 41*v. List the prime factors of v.
3, 347
List the prime factors of ((3321/(-18))/41)/(0 - (-2)/(-5724)).
3, 53
Let a = -119 - -140. What are the prime factors of 2821/a - ((-1)/(-3) - 1)?
3, 5
Let w(c) = 2*c + 1. Let j be w(-2). Let q be (0 - -2)/(j/(-15)). What are the prime factors of 162/q - ((-26)/(-5) - 5)?
2
Let p(w) = 3*w**2 + 4*w - 488. List the prime factors of p(-29).
19, 101
Let p = 99 - 97. Suppose 0 = 5*u + 5*k - 5, 17 = 5*u - p*k - 2. What are the prime factors of u*((-256)/(-36))/(1/3)?
2
Let o be (2 + -4)*-1 - -4. Suppose 16*w - o = 17*w. Let c = 99 + w. List the prime factors of c.
3, 31
Let l(v) = -240 + 206 + 3*v + 219 - 2*v. What are the prime factors of l(0)?
5, 37
Let r be (6 - 2) + -1 + 348 + 2. Suppose -5*b - r = -43. Let h = -27 - b. List the prime factors of h.
5, 7
Suppose 484*o = 80*o + 18949758 - 6067006. What are the prime factors of o?
2, 1993
List the prime factors of 24/(-80) + (-162813)/(-210).
5, 31
List the prime factors of (-2 + -12)*16296/(-336).
7, 97
Let s(o) = 8*o + 19. Let h be s(-2). What are the prime factors of (2/h)/(((-32)/(-7884))/4)?
3, 73
Let h(i) = -20178*i - 312. What are the prime factors of h(-2)?
2, 3, 47, 71
Suppose -115*w - 8*r - 29602 = -117*w, -4*w = 2*r - 59096. List the prime factors of w.
7, 2111
Let h be ((-9142)/(-49))/(14/49). Suppose -4*c + h = -527. List the prime factors of c.
5, 59
List the prime factors of (3/(-1)*(-1)/2)/(15/259810).
25981
Let l(g) = g**3 - 12*g**2 + 12*g + 54. Let d be l(16). Let o = 2076 - d. List the prime factors of o.
2, 13, 31
Let h = -78 + 82. Suppose 4*z - 2*q = -3*q - 84, -5*z + h*q - 84 = 0. What are the prime factors of 2 + z/5 - -23?
3, 7
Let w = 125073 - 61874. List the prime factors of w.
63199
Suppose 4*n = -2*f + 18874, -9434 = -16*n + 14*n + 2*f. List the prime factors of (-8)/10 + n/10.
3, 157
Let g = 35513 + -19839. List the prime factors of g.
2, 17, 461
Suppose 2*j - 17 = -3*a + 6*j, j + 8 = -3*a. Let p be (-7)/(7/(-4)) - a. Suppose 48 = f + 2*x, -f + p*x + 34 = 14. What are the prime factors of f?
2, 5
Let t(m) = 150*m + 1791. List the prime factors of t(10).
3, 1097
Suppose -4*v + 40*i + 38586 = 37*i, -4*i = -3*v + 28929. What are the prime factors of v?
3, 3217
Let x = 7944 + -3610. What are the prime factors of x?
2, 11, 197
Let v(o) = 577*o + 325. List the prime factors of v(47).
2, 3, 2287
Let d be 1/(-2 - 185/(-90)). Let t(j) = 13*j - 73. List the prime factors of t(d).
7, 23
Suppose g - 2*o - 851 = 0, -2*g = -50*o + 52*o - 1714. List the prime factors of g.
3, 5, 19
Let h(i) = 14*i**2 - 10*i + 96. Let s be h(23). Suppose 0*x = 8*x - s. What are the prime factors of x?
3, 101
Let o = -695 + 16911. List the prime factors of o.
2, 2027
Suppose -21*y = -28*y + 77. Suppose 2*f + y - 3